{"id":1346,"date":"2021-03-06T10:38:40","date_gmt":"2021-03-06T09:38:40","guid":{"rendered":"https:\/\/bechtoldtajhaz.hu\/wp-content\/uploads\/2021\/03\/szeitzferenc-vendeglojeben-szeitzkatalin-es-tarsai.jpg"},"modified":"2021-03-06T10:53:58","modified_gmt":"2021-03-06T09:53:58","slug":"szeitzferenc-vendeglojeben-szeitzkatalin-es-tarsai","status":"inherit","type":"attachment","link":"https:\/\/bechtoldtajhaz.hu\/de\/gyujtemenyek-kiallitasok\/fototar\/az-ebner-es-szeitz-csalad-fotoi\/szeitzferenc-vendeglojeben-szeitzkatalin-es-tarsai\/","title":{"rendered":"Szeitz Ferenc vend\u00e9gl\u0151j\u00e9ben Szeitz Katalin \u00e9s t\u00e1rsai"},"author":1,"featured_media":0,"comment_status":"open","ping_status":"closed","template":"","meta":{"ngg_post_thumbnail":0},"class_list":["post-1346","attachment","type-attachment","status-inherit","hentry"],"translation":{"provider":"WPGlobus","version":"3.0.0","language":"de","enabled_languages":["hu","de"],"languages":{"hu":{"title":true},"de":{"title":false}}},"aioseo_notices":[],"smush":{"stats":{"percent":4.860548667788092,"bytes":4681,"size_before":96306,"size_after":91625,"time":0.09000000000000001,"api_version":"1.0","lossy":false,"keep_exif":0},"sizes":{"medium":{"percent":5.94,"bytes":953,"size_before":16053,"size_after":15100,"time":0.03},"thumbnail":{"percent":7.03,"bytes":512,"size_before":7278,"size_after":6766,"time":0.01},"medium_large":{"percent":4.21,"bytes":2904,"size_before":68946,"size_after":66042,"time":0.03},"twentyseventeen-thumbnail-avatar":{"percent":7.74,"bytes":312,"size_before":4029,"size_after":3717,"time":0.02}}},"description":{"rendered":"<p class=\"attachment\"><a href='https:\/\/bechtoldtajhaz.hu\/wp-content\/uploads\/2021\/03\/szeitzferenc-vendeglojeben-szeitzkatalin-es-tarsai.jpg'><img loading=\"lazy\" decoding=\"async\" width=\"300\" height=\"200\" src=\"https:\/\/bechtoldtajhaz.hu\/wp-content\/uploads\/2021\/03\/szeitzferenc-vendeglojeben-szeitzkatalin-es-tarsai-300x200.jpg\" class=\"attachment-medium size-medium\" alt=\"\" srcset=\"https:\/\/bechtoldtajhaz.hu\/wp-content\/uploads\/2021\/03\/szeitzferenc-vendeglojeben-szeitzkatalin-es-tarsai-300x200.jpg 300w, https:\/\/bechtoldtajhaz.hu\/wp-content\/uploads\/2021\/03\/szeitzferenc-vendeglojeben-szeitzkatalin-es-tarsai-768x512.jpg 768w, https:\/\/bechtoldtajhaz.hu\/wp-content\/uploads\/2021\/03\/szeitzferenc-vendeglojeben-szeitzkatalin-es-tarsai.jpg 800w\" sizes=\"auto, 100vw\" \/><\/a><\/p>\n"},"caption":{"rendered":"<p>Szeitz Ferenc vend\u00e9gl\u0151j\u00e9ben Szeitz Katalin \u00e9s t\u00e1rsai<\/p>\n"},"alt_text":"","media_type":"image","mime_type":"image\/jpeg","media_details":{"width":800,"height":533,"file":"2021\/03\/szeitzferenc-vendeglojeben-szeitzkatalin-es-tarsai.jpg","sizes":{"medium":{"file":"szeitzferenc-vendeglojeben-szeitzkatalin-es-tarsai-300x200.jpg","width":300,"height":200,"mime_type":"image\/jpeg","source_url":"https:\/\/bechtoldtajhaz.hu\/wp-content\/uploads\/2021\/03\/szeitzferenc-vendeglojeben-szeitzkatalin-es-tarsai-300x200.jpg"},"thumbnail":{"file":"szeitzferenc-vendeglojeben-szeitzkatalin-es-tarsai-150x150.jpg","width":150,"height":150,"mime_type":"image\/jpeg","source_url":"https:\/\/bechtoldtajhaz.hu\/wp-content\/uploads\/2021\/03\/szeitzferenc-vendeglojeben-szeitzkatalin-es-tarsai-150x150.jpg"},"medium_large":{"file":"szeitzferenc-vendeglojeben-szeitzkatalin-es-tarsai-768x512.jpg","width":768,"height":512,"mime_type":"image\/jpeg","source_url":"https:\/\/bechtoldtajhaz.hu\/wp-content\/uploads\/2021\/03\/szeitzferenc-vendeglojeben-szeitzkatalin-es-tarsai-768x512.jpg"},"twentyseventeen-thumbnail-avatar":{"file":"szeitzferenc-vendeglojeben-szeitzkatalin-es-tarsai-100x100.jpg","width":100,"height":100,"mime_type":"image\/jpeg","source_url":"https:\/\/bechtoldtajhaz.hu\/wp-content\/uploads\/2021\/03\/szeitzferenc-vendeglojeben-szeitzkatalin-es-tarsai-100x100.jpg"},"full":{"file":"szeitzferenc-vendeglojeben-szeitzkatalin-es-tarsai.jpg","width":800,"height":533,"mime_type":"image\/jpeg","source_url":"https:\/\/bechtoldtajhaz.hu\/wp-content\/uploads\/2021\/03\/szeitzferenc-vendeglojeben-szeitzkatalin-es-tarsai.jpg"}},"image_meta":{"aperture":"0","credit":"","camera":"","caption":"","created_timestamp":"0","copyright":"","focal_length":"0","iso":"0","shutter_speed":"0","title":"","orientation":"0","keywords":[]}},"post":1317,"source_url":"https:\/\/bechtoldtajhaz.hu\/wp-content\/uploads\/2021\/03\/szeitzferenc-vendeglojeben-szeitzkatalin-es-tarsai.jpg","_links":{"self":[{"href":"https:\/\/bechtoldtajhaz.hu\/de\/wp-json\/wp\/v2\/media\/1346","targetHints":{"allow":["GET"]}}],"collection":[{"href":"https:\/\/bechtoldtajhaz.hu\/de\/wp-json\/wp\/v2\/media"}],"about":[{"href":"https:\/\/bechtoldtajhaz.hu\/de\/wp-json\/wp\/v2\/types\/attachment"}],"author":[{"embeddable":true,"href":"https:\/\/bechtoldtajhaz.hu\/de\/wp-json\/wp\/v2\/users\/1"}],"replies":[{"embeddable":true,"href":"https:\/\/bechtoldtajhaz.hu\/de\/wp-json\/wp\/v2\/comments?post=1346"}]}}

Szeitz Ferenc vendéglőjében Szeitz Katalin és társai

<p>Szeitz Ferenc vendéglőjében Szeitz Katalin és társai</p>
