{"id":1473,"date":"2021-05-20T07:55:06","date_gmt":"2021-05-20T05:55:06","guid":{"rendered":"https:\/\/bechtoldtajhaz.hu\/wp-content\/uploads\/2021\/05\/herczig-magda-diedersdorfer-jozsef-herczig-jozsef-konig-janos-konig-magda-diedersdorfer-nagypapa.jpg"},"modified":"2021-05-20T07:55:06","modified_gmt":"2021-05-20T05:55:06","slug":"herczig-magda-diedersdorfer-jozsef-herczig-jozsef-konig-janos-konig-magda-diedersdorfer-nagypapa","status":"inherit","type":"attachment","link":"https:\/\/bechtoldtajhaz.hu\/de\/herczig-es-ehmann-csalad-fotoi\/herczig-magda-diedersdorfer-jozsef-herczig-jozsef-konig-janos-konig-magda-diedersdorfer-nagypapa\/","title":{"rendered":"Herczig Magda, Diedersdorfer J\u00f3zsef, Herczig J\u00f3zsef, K\u00f6nig J\u00e1nos, K\u00f6nig Magda,  Diedersdorfer nagypapa"},"author":3,"featured_media":0,"comment_status":"open","ping_status":"closed","template":"","meta":{"ngg_post_thumbnail":0},"class_list":["post-1473","attachment","type-attachment","status-inherit","hentry"],"translation":{"provider":"WPGlobus","version":"3.0.0","language":"de","enabled_languages":["hu","de"],"languages":{"hu":{"title":true},"de":{"title":false}}},"aioseo_notices":[],"smush":{"stats":{"percent":4.8608610433712425,"bytes":42656,"size_before":877540,"size_after":834884,"time":0.8200000000000001,"api_version":"1.0","lossy":false,"keep_exif":0},"sizes":{"medium":{"percent":5.68,"bytes":768,"size_before":13525,"size_after":12757,"time":0.02},"large":{"percent":4.45,"bytes":4090,"size_before":91928,"size_after":87838,"time":0.16},"thumbnail":{"percent":7.72,"bytes":518,"size_before":6710,"size_after":6192,"time":0.01},"medium_large":{"percent":4.55,"bytes":2629,"size_before":57722,"size_after":55093,"time":0.07},"1536x1536":{"percent":4.66,"bytes":8097,"size_before":173839,"size_after":165742,"time":0.22},"2048x2048":{"percent":4.97,"bytes":13962,"size_before":281123,"size_after":267161,"time":0.16},"twentyseventeen-featured-image":{"percent":4.92,"bytes":12226,"size_before":248745,"size_after":236519,"time":0.14},"twentyseventeen-thumbnail-avatar":{"percent":9.27,"bytes":366,"size_before":3948,"size_after":3582,"time":0.04}}},"description":{"rendered":"<p class=\"attachment\"><a href='https:\/\/bechtoldtajhaz.hu\/wp-content\/uploads\/2021\/05\/herczig-magda-diedersdorfer-jozsef-herczig-jozsef-konig-janos-konig-magda-diedersdorfer-nagypapa-scaled.jpg'><img loading=\"lazy\" decoding=\"async\" width=\"300\" height=\"200\" src=\"https:\/\/bechtoldtajhaz.hu\/wp-content\/uploads\/2021\/05\/herczig-magda-diedersdorfer-jozsef-herczig-jozsef-konig-janos-konig-magda-diedersdorfer-nagypapa-300x200.jpg\" class=\"attachment-medium size-medium\" alt=\"\" srcset=\"https:\/\/bechtoldtajhaz.hu\/wp-content\/uploads\/2021\/05\/herczig-magda-diedersdorfer-jozsef-herczig-jozsef-konig-janos-konig-magda-diedersdorfer-nagypapa-300x200.jpg 300w, https:\/\/bechtoldtajhaz.hu\/wp-content\/uploads\/2021\/05\/herczig-magda-diedersdorfer-jozsef-herczig-jozsef-konig-janos-konig-magda-diedersdorfer-nagypapa-1024x683.jpg 1024w, https:\/\/bechtoldtajhaz.hu\/wp-content\/uploads\/2021\/05\/herczig-magda-diedersdorfer-jozsef-herczig-jozsef-konig-janos-konig-magda-diedersdorfer-nagypapa-768x512.jpg 768w, https:\/\/bechtoldtajhaz.hu\/wp-content\/uploads\/2021\/05\/herczig-magda-diedersdorfer-jozsef-herczig-jozsef-konig-janos-konig-magda-diedersdorfer-nagypapa-1536x1024.jpg 1536w, https:\/\/bechtoldtajhaz.hu\/wp-content\/uploads\/2021\/05\/herczig-magda-diedersdorfer-jozsef-herczig-jozsef-konig-janos-konig-magda-diedersdorfer-nagypapa-2048x1365.jpg 2048w\" sizes=\"auto, 100vw\" \/><\/a><\/p>\n"},"caption":{"rendered":""},"alt_text":"","media_type":"image","mime_type":"image\/jpeg","media_details":{"width":2560,"height":1707,"file":"2021\/05\/herczig-magda-diedersdorfer-jozsef-herczig-jozsef-konig-janos-konig-magda-diedersdorfer-nagypapa-scaled.jpg","sizes":{"medium":{"file":"herczig-magda-diedersdorfer-jozsef-herczig-jozsef-konig-janos-konig-magda-diedersdorfer-nagypapa-300x200.jpg","width":300,"height":200,"mime_type":"image\/jpeg","source_url":"https:\/\/bechtoldtajhaz.hu\/wp-content\/uploads\/2021\/05\/herczig-magda-diedersdorfer-jozsef-herczig-jozsef-konig-janos-konig-magda-diedersdorfer-nagypapa-300x200.jpg"},"large":{"file":"herczig-magda-diedersdorfer-jozsef-herczig-jozsef-konig-janos-konig-magda-diedersdorfer-nagypapa-1024x683.jpg","width":1024,"height":683,"mime_type":"image\/jpeg","source_url":"https:\/\/bechtoldtajhaz.hu\/wp-content\/uploads\/2021\/05\/herczig-magda-diedersdorfer-jozsef-herczig-jozsef-konig-janos-konig-magda-diedersdorfer-nagypapa-1024x683.jpg"},"thumbnail":{"file":"herczig-magda-diedersdorfer-jozsef-herczig-jozsef-konig-janos-konig-magda-diedersdorfer-nagypapa-150x150.jpg","width":150,"height":150,"mime_type":"image\/jpeg","source_url":"https:\/\/bechtoldtajhaz.hu\/wp-content\/uploads\/2021\/05\/herczig-magda-diedersdorfer-jozsef-herczig-jozsef-konig-janos-konig-magda-diedersdorfer-nagypapa-150x150.jpg"},"medium_large":{"file":"herczig-magda-diedersdorfer-jozsef-herczig-jozsef-konig-janos-konig-magda-diedersdorfer-nagypapa-768x512.jpg","width":768,"height":512,"mime_type":"image\/jpeg","source_url":"https:\/\/bechtoldtajhaz.hu\/wp-content\/uploads\/2021\/05\/herczig-magda-diedersdorfer-jozsef-herczig-jozsef-konig-janos-konig-magda-diedersdorfer-nagypapa-768x512.jpg"},"1536x1536":{"file":"herczig-magda-diedersdorfer-jozsef-herczig-jozsef-konig-janos-konig-magda-diedersdorfer-nagypapa-1536x1024.jpg","width":1536,"height":1024,"mime_type":"image\/jpeg","source_url":"https:\/\/bechtoldtajhaz.hu\/wp-content\/uploads\/2021\/05\/herczig-magda-diedersdorfer-jozsef-herczig-jozsef-konig-janos-konig-magda-diedersdorfer-nagypapa-1536x1024.jpg"},"2048x2048":{"file":"herczig-magda-diedersdorfer-jozsef-herczig-jozsef-konig-janos-konig-magda-diedersdorfer-nagypapa-2048x1365.jpg","width":2048,"height":1365,"mime_type":"image\/jpeg","source_url":"https:\/\/bechtoldtajhaz.hu\/wp-content\/uploads\/2021\/05\/herczig-magda-diedersdorfer-jozsef-herczig-jozsef-konig-janos-konig-magda-diedersdorfer-nagypapa-2048x1365.jpg"},"twentyseventeen-featured-image":{"file":"herczig-magda-diedersdorfer-jozsef-herczig-jozsef-konig-janos-konig-magda-diedersdorfer-nagypapa-2000x1200.jpg","width":2000,"height":1200,"mime_type":"image\/jpeg","source_url":"https:\/\/bechtoldtajhaz.hu\/wp-content\/uploads\/2021\/05\/herczig-magda-diedersdorfer-jozsef-herczig-jozsef-konig-janos-konig-magda-diedersdorfer-nagypapa-2000x1200.jpg"},"twentyseventeen-thumbnail-avatar":{"file":"herczig-magda-diedersdorfer-jozsef-herczig-jozsef-konig-janos-konig-magda-diedersdorfer-nagypapa-100x100.jpg","width":100,"height":100,"mime_type":"image\/jpeg","source_url":"https:\/\/bechtoldtajhaz.hu\/wp-content\/uploads\/2021\/05\/herczig-magda-diedersdorfer-jozsef-herczig-jozsef-konig-janos-konig-magda-diedersdorfer-nagypapa-100x100.jpg"},"full":{"file":"herczig-magda-diedersdorfer-jozsef-herczig-jozsef-konig-janos-konig-magda-diedersdorfer-nagypapa-scaled.jpg","width":2560,"height":1707,"mime_type":"image\/jpeg","source_url":"https:\/\/bechtoldtajhaz.hu\/wp-content\/uploads\/2021\/05\/herczig-magda-diedersdorfer-jozsef-herczig-jozsef-konig-janos-konig-magda-diedersdorfer-nagypapa-scaled.jpg"}},"image_meta":{"aperture":"4.5","credit":"","camera":"Canon EOS 4000D","caption":"","created_timestamp":"1617699133","copyright":"","focal_length":"35","iso":"1000","shutter_speed":"0.016666666666667","title":"","orientation":"1"},"original_image":"herczig-magda-diedersdorfer-jozsef-herczig-jozsef-konig-janos-konig-magda-diedersdorfer-nagypapa.jpg"},"post":1443,"source_url":"https:\/\/bechtoldtajhaz.hu\/wp-content\/uploads\/2021\/05\/herczig-magda-diedersdorfer-jozsef-herczig-jozsef-konig-janos-konig-magda-diedersdorfer-nagypapa-scaled.jpg","_links":{"self":[{"href":"https:\/\/bechtoldtajhaz.hu\/de\/wp-json\/wp\/v2\/media\/1473","targetHints":{"allow":["GET"]}}],"collection":[{"href":"https:\/\/bechtoldtajhaz.hu\/de\/wp-json\/wp\/v2\/media"}],"about":[{"href":"https:\/\/bechtoldtajhaz.hu\/de\/wp-json\/wp\/v2\/types\/attachment"}],"author":[{"embeddable":true,"href":"https:\/\/bechtoldtajhaz.hu\/de\/wp-json\/wp\/v2\/users\/3"}],"replies":[{"embeddable":true,"href":"https:\/\/bechtoldtajhaz.hu\/de\/wp-json\/wp\/v2\/comments?post=1473"}]}}

Herczig Magda, Diedersdorfer József, Herczig József, König János, König Magda,  Diedersdorfer nagypapa
