{"id":1801,"date":"2023-03-09T21:14:26","date_gmt":"2023-03-09T20:14:26","guid":{"rendered":"https:\/\/bechtoldtajhaz.hu\/wp-content\/uploads\/2023\/03\/4szeitz-katalin-es-ebner-gyorgy-eskuvoje-1945.jpg"},"modified":"2023-03-09T21:14:26","modified_gmt":"2023-03-09T20:14:26","slug":"4szeitz-katalin-es-ebner-gyorgy-eskuvoje-1945","status":"inherit","type":"attachment","link":"https:\/\/bechtoldtajhaz.hu\/de\/gyujtemenyek-kiallitasok\/fototar\/4szeitz-katalin-es-ebner-gyorgy-eskuvoje-1945\/","title":{"rendered":"4.Szeitz Katalin \u00e9s \u00c9bner Gy\u00f6rgy esk\u00fcv\u0151je 1945"},"author":3,"featured_media":0,"comment_status":"open","ping_status":"closed","template":"","meta":{"ngg_post_thumbnail":0},"class_list":["post-1801","attachment","type-attachment","status-inherit","hentry"],"translation":{"provider":"WPGlobus","version":"3.0.0","language":"de","enabled_languages":["hu","de"],"languages":{"hu":{"title":true},"de":{"title":false}}},"aioseo_notices":[],"smush":{"stats":{"percent":5.3099927060539756,"bytes":1092,"size_before":20565,"size_after":19473,"time":0.05,"api_version":"1.0","lossy":false,"keep_exif":0},"sizes":{"twentyseventeen-thumbnail-avatar":{"percent":7.94,"bytes":253,"size_before":3185,"size_after":2932,"time":0.02},"thumbnail":{"percent":6.06,"bytes":324,"size_before":5350,"size_after":5026,"time":0.01},"medium":{"percent":4.28,"bytes":515,"size_before":12030,"size_after":11515,"time":0.02}}},"description":{"rendered":"<p class=\"attachment\"><a href='https:\/\/bechtoldtajhaz.hu\/wp-content\/uploads\/2023\/03\/4szeitz-katalin-es-ebner-gyorgy-eskuvoje-1945.jpg'><img loading=\"lazy\" decoding=\"async\" width=\"225\" height=\"300\" src=\"https:\/\/bechtoldtajhaz.hu\/wp-content\/uploads\/2023\/03\/4szeitz-katalin-es-ebner-gyorgy-eskuvoje-1945-225x300.jpg\" class=\"attachment-medium size-medium\" alt=\"\" srcset=\"https:\/\/bechtoldtajhaz.hu\/wp-content\/uploads\/2023\/03\/4szeitz-katalin-es-ebner-gyorgy-eskuvoje-1945-225x300.jpg 225w, https:\/\/bechtoldtajhaz.hu\/wp-content\/uploads\/2023\/03\/4szeitz-katalin-es-ebner-gyorgy-eskuvoje-1945.jpg 581w\" sizes=\"auto, 100vw\" \/><\/a><\/p>\n"},"caption":{"rendered":""},"alt_text":"","media_type":"image","mime_type":"image\/jpeg","media_details":{"width":581,"height":775,"file":"2023\/03\/4szeitz-katalin-es-ebner-gyorgy-eskuvoje-1945.jpg","filesize":"44807","sizes":{"medium":{"file":"4szeitz-katalin-es-ebner-gyorgy-eskuvoje-1945-225x300.jpg","width":225,"height":300,"filesize":"12030","mime_type":"image\/jpeg","source_url":"https:\/\/bechtoldtajhaz.hu\/wp-content\/uploads\/2023\/03\/4szeitz-katalin-es-ebner-gyorgy-eskuvoje-1945-225x300.jpg"},"thumbnail":{"file":"4szeitz-katalin-es-ebner-gyorgy-eskuvoje-1945-150x150.jpg","width":150,"height":150,"filesize":"5350","mime_type":"image\/jpeg","source_url":"https:\/\/bechtoldtajhaz.hu\/wp-content\/uploads\/2023\/03\/4szeitz-katalin-es-ebner-gyorgy-eskuvoje-1945-150x150.jpg"},"twentyseventeen-thumbnail-avatar":{"file":"4szeitz-katalin-es-ebner-gyorgy-eskuvoje-1945-100x100.jpg","width":100,"height":100,"filesize":"3185","mime_type":"image\/jpeg","source_url":"https:\/\/bechtoldtajhaz.hu\/wp-content\/uploads\/2023\/03\/4szeitz-katalin-es-ebner-gyorgy-eskuvoje-1945-100x100.jpg"},"full":{"file":"4szeitz-katalin-es-ebner-gyorgy-eskuvoje-1945.jpg","width":581,"height":775,"mime_type":"image\/jpeg","source_url":"https:\/\/bechtoldtajhaz.hu\/wp-content\/uploads\/2023\/03\/4szeitz-katalin-es-ebner-gyorgy-eskuvoje-1945.jpg"}},"image_meta":{"aperture":"0","credit":"","camera":"","caption":"","created_timestamp":"0","copyright":"","focal_length":"0","iso":"0","shutter_speed":"0","title":"","orientation":"0"}},"post":385,"source_url":"https:\/\/bechtoldtajhaz.hu\/wp-content\/uploads\/2023\/03\/4szeitz-katalin-es-ebner-gyorgy-eskuvoje-1945.jpg","_links":{"self":[{"href":"https:\/\/bechtoldtajhaz.hu\/de\/wp-json\/wp\/v2\/media\/1801","targetHints":{"allow":["GET"]}}],"collection":[{"href":"https:\/\/bechtoldtajhaz.hu\/de\/wp-json\/wp\/v2\/media"}],"about":[{"href":"https:\/\/bechtoldtajhaz.hu\/de\/wp-json\/wp\/v2\/types\/attachment"}],"author":[{"embeddable":true,"href":"https:\/\/bechtoldtajhaz.hu\/de\/wp-json\/wp\/v2\/users\/3"}],"replies":[{"embeddable":true,"href":"https:\/\/bechtoldtajhaz.hu\/de\/wp-json\/wp\/v2\/comments?post=1801"}]}}

4.Szeitz Katalin és Ébner György esküvője 1945
