{"id":54,"date":"2018-12-05T17:18:15","date_gmt":"2018-12-05T16:18:15","guid":{"rendered":"http:\/\/bechtoldtajhaz.hu\/?page_id=54"},"modified":"2022-10-25T11:34:22","modified_gmt":"2022-10-25T09:34:22","slug":"galeria","status":"publish","type":"page","link":"https:\/\/bechtoldtajhaz.hu\/de\/galeria\/","title":{"rendered":"Galerie"},"content":{"rendered":"\n<h2 class=\"wp-block-heading\">Einweihungsfeier des Heimatmuseums im Jahre 2015 im Rahmen der Tage der\nPartnerst\u00e4dte<\/h2>\n\n\n\n<p>Bericht von dem \u00dcberbringungsfest ist mitten im Video zu finden (zw. dem 10:30-14:00).<\/p>\n\n\n\n<pre class=\"wp-block-code\"><code><iframe loading=\"lazy\" width=\"530\" height=\"330\" src=\"https:\/\/onkormanyzati.tv\/biatorbagy\/2015_julius_13\/3?fbclid=IwAR2z2C1p-D5O3M1jKENpR3po_OEZIXjFYT5b2F1947Do524UQd1NdiNn1zI?&#038;type=1&#038;w=530&#038;h=330\" frameborder=\"0\" scrolling=\"no\"><\/iframe><\/code><\/pre>\n\n\n\n<h3 class=\"wp-block-heading\">Bilder \u00fcber das Heimatmuseum<\/h3>\n\n\n\nngg_shortcode_0_placeholder\n\n\n\n<h2 class=\"wp-block-heading\"> <br><\/h2>\n\n\n\n<h2 class=\"wp-block-heading\"><strong>Von Generation zu Generation \u2013 Lebensbilder \u00fcber die deutsche Nationalit\u00e4tenwoche <\/strong> &#8211; Sendung beim Talbr\u00fccke-Fernsehen: Von Generation zu Generation 17.09.2018. <\/h2>\n\n\n\n<figure class=\"wp-block-video\"><video controls src=\"http:\/\/volgyhidtv.hu\/wp-content\/uploads\/video\/180917_hetfo-nemzedekrol-nemzedekre_vhtv_biat-y.mp4\"><\/video><figcaption> <br><\/figcaption><\/figure>\n\n\n\n<h2 class=\"wp-block-heading\">Polkanachmittag am 16.09.2018.<\/h2>\n\n\n\nngg_shortcode_1_placeholder\n\n\n\n<h4 class=\"wp-block-heading\">Sendung beim Talbr\u00fccke-Fernsehen \u00fcber die Polkaparty.<\/h4>\n\n\n\n<pre class=\"wp-block-code\"><code><iframe loading=\"lazy\" width=\"530\" height=\"330\" src=\"https:\/\/onkormanyzati.tv\/biatorbagy\/2018_szeptember_16?fbclid=IwAR178OZOuR-kgpO_dQktVjWBvsHxQ6it2gopT77mNBv3iamnQx89vqp37Lw?&#038;type=2&#038;w=530&#038;h=330\" frameborder=\"0\" scrolling=\"no\"><\/iframe><\/code><\/pre>\n\n\n\n<h3 class=\"wp-block-heading\">Weinlese 2018 \u2013 Schulprojekttag <\/h3>\n\n\n\nngg_shortcode_2_placeholder\n\n\n\n<h2 class=\"wp-block-heading\"><strong>Neuer Spross auf altem Zweig \u2013 Vertreibung \u2013 mit Kinderaugen<\/strong><br>Sendung beim Talbr\u00fccke-Fernsehen: R\u00fcckspiegel 04.07.2018.<\/h2>\n\n\n\n<figure class=\"wp-block-video\"><video controls src=\"http:\/\/volgyhidtv.hu\/wp-content\/uploads\/video\/180704_szerda_visszapillanto_vhtv_biatorbagy-y.mp4\"><\/video><figcaption>Neuer Spross auf altem Zweig \u2013 Vertreibung \u2013 mit Kinderaugen<\/figcaption><\/figure>\n\n\n\n<h2 class=\"wp-block-heading\">Polkaparty am Bachufer 08. 06. 2018.<\/h2>\n\n\n\n<pre class=\"wp-block-code\"><code><iframe loading=\"lazy\" width=\"530\" height=\"330\" scrolling=\"no\" frameborder=\"0\" src=\"https:\/\/onkormanyzati.tv\/biatorbagy\/2018_junius_08?&#038;type=1&#038;w=530&#038;h=330\"><\/iframe><\/code><\/pre>\n\n\n\n<h2 class=\"wp-block-heading\">Gedenken an die Vertreibung der deutschen Minderheit: 03.03.2017. \u2013\nGemeinschaftsfernsehen Biatorb\u00e1gy<\/h2>\n\n\n\n<pre class=\"wp-block-code\"><code><iframe loading=\"lazy\" width=\"530\" height=\"330\" scrolling=\"no\" frameborder=\"0\" src=\"https:\/\/onkormanyzati.tv\/biatorbagy\/2017_marcius_03?&#038;type=1&#038;w=530&#038;h=330\"><\/iframe><\/code><\/pre>\n\n\n\n<p>Virtueller Spaziergang<\/p>\n\n\n\nngg_shortcode_3_placeholder\n","protected":false},"excerpt":{"rendered":"<p>Einweihungsfeier des Heimatmuseums im Jahre 2015 im Rahmen der Tage der Partnerst\u00e4dte Bericht von dem \u00dcberbringungsfest ist mitten im Video zu finden (zw. dem 10:30-14:00). Bilder \u00fcber das Heimatmuseum Von Generation zu Generation \u2013 Lebensbilder \u00fcber die deutsche Nationalit\u00e4tenwoche &#8211; Sendung beim Talbr\u00fccke-Fernsehen: Von Generation zu Generation 17.09.2018. Polkanachmittag am 16.09.2018. Sendung beim Talbr\u00fccke-Fernsehen \u00fcber &hellip; <\/p>\n<p class=\"link-more\"><a href=\"https:\/\/bechtoldtajhaz.hu\/de\/galeria\/\" class=\"more-link\"><span class=\"screen-reader-text\">\u201eGalerie\u201c<\/span> weiterlesen<\/a><\/p>\n","protected":false},"author":3,"featured_media":0,"parent":0,"menu_order":0,"comment_status":"closed","ping_status":"closed","template":"","meta":{"ngg_post_thumbnail":0,"footnotes":""},"class_list":["post-54","page","type-page","status-publish","hentry"],"translation":{"provider":"WPGlobus","version":"3.0.0","language":"de","enabled_languages":["hu","de"],"languages":{"hu":{"title":true,"content":true,"excerpt":false},"de":{"title":true,"content":true,"excerpt":false}}},"aioseo_notices":[],"_links":{"self":[{"href":"https:\/\/bechtoldtajhaz.hu\/de\/wp-json\/wp\/v2\/pages\/54","targetHints":{"allow":["GET"]}}],"collection":[{"href":"https:\/\/bechtoldtajhaz.hu\/de\/wp-json\/wp\/v2\/pages"}],"about":[{"href":"https:\/\/bechtoldtajhaz.hu\/de\/wp-json\/wp\/v2\/types\/page"}],"author":[{"embeddable":true,"href":"https:\/\/bechtoldtajhaz.hu\/de\/wp-json\/wp\/v2\/users\/3"}],"replies":[{"embeddable":true,"href":"https:\/\/bechtoldtajhaz.hu\/de\/wp-json\/wp\/v2\/comments?post=54"}],"version-history":[{"count":33,"href":"https:\/\/bechtoldtajhaz.hu\/de\/wp-json\/wp\/v2\/pages\/54\/revisions"}],"predecessor-version":[{"id":1752,"href":"https:\/\/bechtoldtajhaz.hu\/de\/wp-json\/wp\/v2\/pages\/54\/revisions\/1752"}],"wp:attachment":[{"href":"https:\/\/bechtoldtajhaz.hu\/de\/wp-json\/wp\/v2\/media?parent=54"}],"curies":[{"name":"wp","href":"https:\/\/api.w.org\/{rel}","templated":true}]}}

<h2 class="wp-block-heading">Einweihungsfeier des Heimatmuseums im Jahre 2015 im Rahmen der Tage der
Partnerstädte</h2>



<p>Bericht von dem Überbringungsfest ist mitten im Video zu finden (zw. dem 10:30-14:00).</p>



<pre class="wp-block-code"><code><iframe loading="lazy" width="530" height="330" src="https://onkormanyzati.tv/biatorbagy/2015_julius_13/3?fbclid=IwAR2z2C1p-D5O3M1jKENpR3po_OEZIXjFYT5b2F1947Do524UQd1NdiNn1zI?&#038;type=1&#038;w=530&#038;h=330" frameborder="0" scrolling="no"></iframe></code></pre>



<h3 class="wp-block-heading">Bilder über das Heimatmuseum</h3>



ngg_shortcode_0_placeholder



<h2 class="wp-block-heading"> <br></h2>



<h2 class="wp-block-heading"><strong>Von Generation zu Generation – Lebensbilder über die deutsche Nationalitätenwoche </strong> &#8211; Sendung beim Talbrücke-Fernsehen: Von Generation zu Generation 17.09.2018. </h2>



<figure class="wp-block-video"><video controls src="http://volgyhidtv.hu/wp-content/uploads/video/180917_hetfo-nemzedekrol-nemzedekre_vhtv_biat-y.mp4"></video><figcaption> <br></figcaption></figure>



<h2 class="wp-block-heading">Polkanachmittag am 16.09.2018.</h2>



ngg_shortcode_1_placeholder



<h4 class="wp-block-heading">Sendung beim Talbrücke-Fernsehen über die Polkaparty.</h4>



<pre class="wp-block-code"><code><iframe loading="lazy" width="530" height="330" src="https://onkormanyzati.tv/biatorbagy/2018_szeptember_16?fbclid=IwAR178OZOuR-kgpO_dQktVjWBvsHxQ6it2gopT77mNBv3iamnQx89vqp37Lw?&#038;type=2&#038;w=530&#038;h=330" frameborder="0" scrolling="no"></iframe></code></pre>



<h3 class="wp-block-heading">Weinlese 2018 – Schulprojekttag </h3>



ngg_shortcode_2_placeholder



<h2 class="wp-block-heading"><strong>Neuer Spross auf altem Zweig – Vertreibung – mit Kinderaugen</strong><br>Sendung beim Talbrücke-Fernsehen: Rückspiegel 04.07.2018.</h2>



<figure class="wp-block-video"><video controls src="http://volgyhidtv.hu/wp-content/uploads/video/180704_szerda_visszapillanto_vhtv_biatorbagy-y.mp4"></video><figcaption>Neuer Spross auf altem Zweig – Vertreibung – mit Kinderaugen</figcaption></figure>



<h2 class="wp-block-heading">Polkaparty am Bachufer 08. 06. 2018.</h2>



<pre class="wp-block-code"><code><iframe loading="lazy" width="530" height="330" scrolling="no" frameborder="0" src="https://onkormanyzati.tv/biatorbagy/2018_junius_08?&#038;type=1&#038;w=530&#038;h=330"></iframe></code></pre>



<h2 class="wp-block-heading">Gedenken an die Vertreibung der deutschen Minderheit: 03.03.2017. –
Gemeinschaftsfernsehen Biatorbágy</h2>



<pre class="wp-block-code"><code><iframe loading="lazy" width="530" height="330" scrolling="no" frameborder="0" src="https://onkormanyzati.tv/biatorbagy/2017_marcius_03?&#038;type=1&#038;w=530&#038;h=330"></iframe></code></pre>



<p>Virtueller Spaziergang</p>



ngg_shortcode_3_placeholder

<p>Einweihungsfeier des Heimatmuseums im Jahre 2015 im Rahmen der Tage der Partnerstädte Bericht von dem Überbringungsfest ist mitten im Video zu finden (zw. dem 10:30-14:00). Bilder über das Heimatmuseum Von Generation zu Generation – Lebensbilder über die deutsche Nationalitätenwoche &#8211; Sendung beim Talbrücke-Fernsehen: Von Generation zu Generation 17.09.2018. Polkanachmittag am 16.09.2018. Sendung beim Talbrücke-Fernsehen über &hellip; </p>
<p class="link-more"><a href="https://bechtoldtajhaz.hu/de/galeria/" class="more-link"><span class="screen-reader-text">„Galerie“</span> weiterlesen</a></p>
